{"id":71,"date":"2017-06-13T07:07:07","date_gmt":"2017-06-13T05:07:07","guid":{"rendered":"http:\/\/nello-huette.de\/?page_id=71"},"modified":"2023-08-30T22:45:47","modified_gmt":"2023-08-30T20:45:47","slug":"wegbeschreibung","status":"publish","type":"page","link":"https:\/\/nello-huette.de\/?page_id=71","title":{"rendered":"Wegbeschreibung"},"content":{"rendered":"<p>Die Nello H\u00fctte ist eine reine Wanderh\u00fctte, eine Anfahrt mit dem PKW ist nicht m\u00f6glich.<\/p>\n<p><iframe loading=\"lazy\" style=\"border: 0;\" src=\"https:\/\/www.google.com\/maps\/embed?pb=!1m18!1m12!1m3!1d29928.61026844342!2d8.024616045511262!3d49.28078640783349!2m3!1f0!2f0!3f0!3m2!1i1024!2i768!4f13.1!3m3!1m2!1s0x479644fc3ff4474d%3A0xd72f08a0d2d7f44a!2sNello+H%C3%BCtte!5e1!3m2!1sde!2sde!4v1498050778152\" width=\"600\" height=\"450\" frameborder=\"0\" allowfullscreen=\"allowfullscreen\"><\/iframe><\/p>\n<p>Von Burrweiler ins Modenbachtal. Kurz (600m) hinter der Abzweigung nach Weyher, Abzweig K58\/L506, rechts zum Parkplatz (ausgeschildert und auch Bushaltestelle), von hier aus Richtung Amicitia-H\u00fctte, zur Nello-H\u00fctte ca. 150m nach dem Parkplatz, direkt nach der Schranke, rechts \u00fcber den Meisenbach, die kleine Br\u00fccke wurde Sicherheitsgr\u00fcnden von der VBG Edenkoben entfernt, es wurden aber Trittsteine in den Meisenbach gelegt um Wanderer eine \u00dcberquerung weiterhin zu erm\u00f6glichen. Der Meisenbach ist an dieser Stelle nur ca. 1m breit. An der n\u00e4chsten Abzweigung rechts halten. Achtung, dieser Weg ist stellenweise schlecht bei N\u00e4sse.<br \/>\nAlternativ bis zur Amicitia-H\u00fctte, dort gerade \u00fcber das Gel\u00e4nde vorbei an den Toiletten und dann einen schmalen Steig aufw\u00e4rts, oben am Querweg rechts, ab dort dann ausgeschildert.<\/p>\n<p>Von Edenkoben aus \u00fcber die Klosterstr. vorbei an der Villa Medica bis zum Parkplatz am H\u00fcttenbrunnen, dort parken, dann \u00fcber den Kohlplatz zur Nello-H\u00fctte. (1,1 km) bis zum Kohlplatz, ab Kohlplatz f\u00fchrt ein steiler Weg abw\u00e4rts direkt zur H\u00fctte &#8211; 400 m, alternativ halblinks den Schildern mit Kinderwagen folgen &#8211; 1,5 km bequemer Weg.<br \/>\nDieser Weg ist ab H\u00fcttenbrunnen Parkplatz mit Kinderwagen befahrbar.<\/p>\n<p>Vom Parkplatz Lolosruhe \u00fcber dem Rindspfad zum Benderplatz, weiter zum Kohlplatz, ab Benderplatz ausgeschildert, ca. 5,1 km ab Lolosruhe bis zum Kohlplatz, ab Kohlplatz siehe oben.<\/p>\n<p>Von Weyher aus in Richtung Modenbachtal, 300 m nach dem Ortsschild am Ortsausgang rechts in den Wald, gegen\u00fcber ist eine kleine Parkm\u00f6glichkeit (Bildst\u00f6ckl). Der Weg ist ausgeschildert 3,9 km. Dieser Weg ist auch mit dem Kinderwagen befahrbar, am Anfang 300 m steiler Anstieg, muss der Papa schieben \ud83d\ude42 Alternativ kann auch auf dem Glockenbrunnenparkplatz am Ortsausgang Weyher geparkt werden, dann weiter rechts von der Stra\u00dfe an den Weinbergen entlang, ca. 350m, am Ende links \u00fcber ein paar Stufen absteigen hier beginnt der Waldweg gegen\u00fcber dem Bildst\u00f6ckl.<\/p>\n<p>&nbsp;<\/p>\n","protected":false},"excerpt":{"rendered":"<p>Die Nello H\u00fctte ist eine reine Wanderh\u00fctte, eine Anfahrt mit dem PKW ist nicht m\u00f6glich. Von Burrweiler ins Modenbachtal. Kurz (600m) hinter der Abzweigung nach Weyher, Abzweig K58\/L506, rechts zum Parkplatz (ausgeschildert und auch Bushaltestelle), von hier aus Richtung Amicitia-H\u00fctte, zur Nello-H\u00fctte ca. 150m nach dem Parkplatz, direkt nach der<\/p>\n","protected":false},"author":1,"featured_media":0,"parent":0,"menu_order":0,"comment_status":"closed","ping_status":"closed","template":"","meta":{"footnotes":""},"class_list":["post-71","page","type-page","status-publish","hentry"],"_links":{"self":[{"href":"https:\/\/nello-huette.de\/index.php?rest_route=\/wp\/v2\/pages\/71","targetHints":{"allow":["GET"]}}],"collection":[{"href":"https:\/\/nello-huette.de\/index.php?rest_route=\/wp\/v2\/pages"}],"about":[{"href":"https:\/\/nello-huette.de\/index.php?rest_route=\/wp\/v2\/types\/page"}],"author":[{"embeddable":true,"href":"https:\/\/nello-huette.de\/index.php?rest_route=\/wp\/v2\/users\/1"}],"replies":[{"embeddable":true,"href":"https:\/\/nello-huette.de\/index.php?rest_route=%2Fwp%2Fv2%2Fcomments&post=71"}],"version-history":[{"count":12,"href":"https:\/\/nello-huette.de\/index.php?rest_route=\/wp\/v2\/pages\/71\/revisions"}],"predecessor-version":[{"id":1555,"href":"https:\/\/nello-huette.de\/index.php?rest_route=\/wp\/v2\/pages\/71\/revisions\/1555"}],"wp:attachment":[{"href":"https:\/\/nello-huette.de\/index.php?rest_route=%2Fwp%2Fv2%2Fmedia&parent=71"}],"curies":[{"name":"wp","href":"https:\/\/api.w.org\/{rel}","templated":true}]}}